{"id":1455,"date":"2016-02-12T08:11:05","date_gmt":"2016-02-12T08:11:05","guid":{"rendered":"http:\/\/demos.famethemes.com\/onepress-plus\/?page_id=22"},"modified":"2020-11-27T14:10:19","modified_gmt":"2020-11-27T18:10:19","slug":"our-vision-2","status":"publish","type":"page","link":"https:\/\/tierra-ayni.com\/?page_id=1455","title":{"rendered":"Sobre Tierra-Ayni"},"content":{"rendered":"\n<div class=\"wp-block-group is-layout-flow wp-block-group-is-layout-flow\"><div class=\"wp-block-group__inner-container\"><\/div><\/div>\n\n\n\n<div class=\"wp-block-columns is-layout-flex wp-container-core-columns-is-layout-1 wp-block-columns-is-layout-flex\">\n<div class=\"wp-block-column is-layout-flow wp-block-column-is-layout-flow\">\n<h3 class=\"wp-block-heading\">Orientaci\u00f3n al Cliente<\/h3>\n\n\n\n<p>Tenemos una\u00a0actitud permanente\u00a0por detectar y satisfacer las necesidades y prioridades de nuestros clientes ya sean internos o externos, cumpliendo con las siguientes metas: <\/p>\n\n\n\n<ul class=\"wp-block-list\" id=\"block-b03d87ad-41e0-48c7-b58a-a218c3ef8d2f\"><li>Ser expertos en los productos que representamos y servicios que ofrecemos.<\/li><li>Detectar las necesidades y prioridades de nuestros clientes, buscando la mejor opci\u00f3n para satisfacerlas.<\/li><li>Aportar siempre beneficios a nuestros clientes y velar por su satisfacci\u00f3n.<\/li><\/ul>\n<\/div>\n\n\n\n<div class=\"wp-block-column is-layout-flow wp-block-column-is-layout-flow\">\n<h3 class=\"wp-block-heading\">Organizaci\u00f3n, Metodolog\u00edas y Procesos<\/h3>\n\n\n\n<p>Aplicamos metodolog\u00edas de implementaci\u00f3n modernas y flexibles manteniendo los procesos y las estructuras organizacionales de los proyectos livianos para minimizar su impacto en los costos.<\/p>\n\n\n\n<h3 class=\"wp-block-heading\">Nuestro Equipo<\/h3>\n\n\n\n<p>Los colegas de nuestro equipo son el potencial de la empresa. Todos colaboramos en los resultados de nuestro trabajo como equipo. Los conocimientos se comparten entre los integrantes de los equipos de trabajo y con los clientes.<\/p>\n<\/div>\n\n\n\n<div class=\"wp-block-column is-layout-flow wp-block-column-is-layout-flow\">\n<h3 class=\"wp-block-heading\">Cultura de Cooperaci\u00f3n<\/h3>\n\n\n\n<p>Permanentemente buscamos sinergias para nuestros clientes a trav\u00e9s de la cooperaci\u00f3n exitosa con los partner de GE Digital Grid en la regi\u00f3n y ampliando de esta forma nuestro portafolio de soluciones.<\/p>\n\n\n\n<h3 class=\"wp-block-heading\">Responsabilidad Social Ambiental<\/h3>\n\n\n\n<p>Estamos comprometidos con la preservaci\u00f3n y el cuidado del medioambiente. Las soluciones que implementamos aportan al uso eficiente de los recursos naturales y le permiten a nuestros clientes avanzar en la protecci\u00f3n del medioambiente.<\/p>\n<\/div>\n<\/div>\n","protected":false},"excerpt":{"rendered":"<p>Nullam ut tempor eros. Donec faucibus, velit et imperdiet aliquam, lacus velit luctus urna, vitae porttitor orci libero id felis.<\/p>\n","protected":false},"author":3,"featured_media":0,"parent":0,"menu_order":0,"comment_status":"closed","ping_status":"closed","template":"","meta":{"footnotes":""},"class_list":["post-1455","page","type-page","status-publish","hentry"],"_links":{"self":[{"href":"https:\/\/tierra-ayni.com\/index.php?rest_route=\/wp\/v2\/pages\/1455","targetHints":{"allow":["GET"]}}],"collection":[{"href":"https:\/\/tierra-ayni.com\/index.php?rest_route=\/wp\/v2\/pages"}],"about":[{"href":"https:\/\/tierra-ayni.com\/index.php?rest_route=\/wp\/v2\/types\/page"}],"author":[{"embeddable":true,"href":"https:\/\/tierra-ayni.com\/index.php?rest_route=\/wp\/v2\/users\/3"}],"replies":[{"embeddable":true,"href":"https:\/\/tierra-ayni.com\/index.php?rest_route=%2Fwp%2Fv2%2Fcomments&post=1455"}],"version-history":[{"count":9,"href":"https:\/\/tierra-ayni.com\/index.php?rest_route=\/wp\/v2\/pages\/1455\/revisions"}],"predecessor-version":[{"id":1837,"href":"https:\/\/tierra-ayni.com\/index.php?rest_route=\/wp\/v2\/pages\/1455\/revisions\/1837"}],"wp:attachment":[{"href":"https:\/\/tierra-ayni.com\/index.php?rest_route=%2Fwp%2Fv2%2Fmedia&parent=1455"}],"curies":[{"name":"wp","href":"https:\/\/api.w.org\/{rel}","templated":true}]}}