{"id":1456,"date":"2016-02-12T08:12:49","date_gmt":"2016-02-12T08:12:49","guid":{"rendered":"http:\/\/demos.famethemes.com\/onepress-plus\/?page_id=23"},"modified":"2020-12-14T10:44:55","modified_gmt":"2020-12-14T14:44:55","slug":"service-title-1-2","status":"publish","type":"page","link":"https:\/\/tierra-ayni.com\/?page_id=1456","title":{"rendered":"Implementaci\u00f3n, Integraci\u00f3n y Desarrollo de Aplicaciones"},"content":{"rendered":"\n<figure class=\"wp-block-image alignwide size-large\"><img loading=\"lazy\" decoding=\"async\" width=\"1024\" height=\"410\" src=\"https:\/\/tierra-ayni.com\/wp-content\/uploads\/2020\/12\/page_header_dev-1024x410.png\" alt=\"\" class=\"wp-image-2278\" srcset=\"https:\/\/tierra-ayni.com\/wp-content\/uploads\/2020\/12\/page_header_dev-1024x410.png 1024w, https:\/\/tierra-ayni.com\/wp-content\/uploads\/2020\/12\/page_header_dev-300x120.png 300w, https:\/\/tierra-ayni.com\/wp-content\/uploads\/2020\/12\/page_header_dev-768x307.png 768w, https:\/\/tierra-ayni.com\/wp-content\/uploads\/2020\/12\/page_header_dev-1536x614.png 1536w, https:\/\/tierra-ayni.com\/wp-content\/uploads\/2020\/12\/page_header_dev.png 1600w\" sizes=\"auto, (max-width: 1024px) 100vw, 1024px\" \/><\/figure>\n\n\n\n<div style=\"height:36px\" aria-hidden=\"true\" class=\"wp-block-spacer\"><\/div>\n\n\n\n<div class=\"wp-block-columns is-layout-flex wp-container-core-columns-is-layout-3 wp-block-columns-is-layout-flex\">\n<div class=\"wp-block-column is-layout-flow wp-block-column-is-layout-flow\">\n<div class=\"wp-block-columns is-layout-flex wp-container-core-columns-is-layout-1 wp-block-columns-is-layout-flex\">\n<div class=\"wp-block-column is-layout-flow wp-block-column-is-layout-flow\">\n<figure class=\"wp-block-image size-large\"><img loading=\"lazy\" decoding=\"async\" width=\"150\" height=\"150\" src=\"http:\/\/www.tierra-ayni.com\/wp-content\/uploads\/2020\/12\/icon_handshake.png\" alt=\"\" class=\"wp-image-2285\"\/><\/figure>\n\n\n\n<h4 class=\"has-text-align-center wp-block-heading\">Consultor\u00eda<\/h4>\n\n\n\n<p>En el marco de los proyectos de implementaci\u00f3n llevamos a cabo actividades de consultor\u00eda como el an\u00e1lisis de procesos de negocio y arquitectura de sistemas, especificaciones de soluciones innovadoras personalizadas, adem\u00e1s de evaluar la integraci\u00f3n de las plataformas GIS con sistemas de gesti\u00f3n de activos, soporte a la operaci\u00f3n, mantenimiento y aplicaciones m\u00f3viles.<\/p>\n<\/div>\n\n\n\n<div class=\"wp-block-column is-layout-flow wp-block-column-is-layout-flow\">\n<div class=\"wp-block-image\"><figure class=\"aligncenter size-large\"><img loading=\"lazy\" decoding=\"async\" width=\"150\" height=\"150\" src=\"http:\/\/www.tierra-ayni.com\/wp-content\/uploads\/2020\/12\/icon_agil.png\" alt=\"\" class=\"wp-image-2286\"\/><\/figure><\/div>\n\n\n\n<h4 class=\"has-text-align-center wp-block-heading\">Desarrollo de Software<\/h4>\n\n\n\n<p>Las etapas de desarrollo de software abarcan el levantamiento de requerimientos, el an\u00e1lisis y dise\u00f1o de soluciones y arquitecturas, el desarrollo de software y aplicaciones, as\u00ed como las pruebas y la puesta en producci\u00f3n. <\/p>\n\n\n\n<p>Aplicamos metodolog\u00edas \u00e1giles de desarrollo como SCRUM y\/o KANBAN para lograr tiempos cortos de implementaci\u00f3n y r\u00e1pido retorno de la inversi\u00f3n.<\/p>\n<\/div>\n<\/div>\n<\/div>\n\n\n\n<div class=\"wp-block-column is-layout-flow wp-block-column-is-layout-flow\">\n<div class=\"wp-block-columns is-layout-flex wp-container-core-columns-is-layout-2 wp-block-columns-is-layout-flex\">\n<div class=\"wp-block-column is-layout-flow wp-block-column-is-layout-flow\">\n<div class=\"wp-block-image\"><figure class=\"aligncenter size-large\"><img loading=\"lazy\" decoding=\"async\" width=\"150\" height=\"150\" src=\"https:\/\/tierra-ayni.com\/wp-content\/uploads\/2020\/12\/icon_system_integration.png\" alt=\"\" class=\"wp-image-2290\"\/><\/figure><\/div>\n\n\n\n<h4 class=\"has-text-align-center wp-block-heading\">Integraci\u00f3n de Sistemas<\/h4>\n\n\n\n<p>Las integraciones  se realizan a nivel de procesos,  sistemas y datos.<\/p>\n\n\n\n<p>Implementamos integraciones basados en los est\u00e1ndares de la industria y soportados por los productos de  GE Digital Grid.<\/p>\n\n\n\n<p>Adem\u00e1s desarrollamos integraciones personalizadas con sistemas legados utilizando tecnolog\u00edas WMS y WS.<\/p>\n<\/div>\n\n\n\n<div class=\"wp-block-column is-layout-flow wp-block-column-is-layout-flow\">\n<div class=\"wp-block-image\"><figure class=\"aligncenter size-large\"><img loading=\"lazy\" decoding=\"async\" width=\"150\" height=\"150\" src=\"http:\/\/www.tierra-ayni.com\/wp-content\/uploads\/2020\/12\/icon_collaboration.png\" alt=\"\" class=\"wp-image-2283\"\/><\/figure><\/div>\n\n\n\n<h4 class=\"has-text-align-center wp-block-heading\">Gesti\u00f3n de Proyectos<\/h4>\n\n\n\n<p>Contamos con la experiencia de m\u00faltiples proyectos de implementaci\u00f3n y mejoramos continuamente nuestros procesos de gesti\u00f3n de los proyectos de acuerdo a estas experiencias. <\/p>\n\n\n\n<p>Puntos claves de la gesti\u00f3n de nuestros proyectos es la transferencia continua de conocimientos a nuestros clientes y el empoderamiento de los usuarios claves con las nuevas tecnolog\u00edas para lograr su temprana adopci\u00f3n en la organizaci\u00f3n. <\/p>\n<\/div>\n<\/div>\n\n\n\n<p><\/p>\n<\/div>\n<\/div>\n\n\n\n<p><\/p>\n","protected":false},"excerpt":{"rendered":"<p>Implementamos para usted plataformas basadas en las tecnolog\u00edas de GE Digital Grid, dise\u00f1amos y desarrollamos aplicaciones personalizadas para sus procesos de trabajo e integramos las nuevas soluciones con sus sistemas legados.<\/p>\n","protected":false},"author":3,"featured_media":0,"parent":0,"menu_order":0,"comment_status":"closed","ping_status":"closed","template":"template-fullwidth.php","meta":{"footnotes":""},"class_list":["post-1456","page","type-page","status-publish","hentry"],"_links":{"self":[{"href":"https:\/\/tierra-ayni.com\/index.php?rest_route=\/wp\/v2\/pages\/1456","targetHints":{"allow":["GET"]}}],"collection":[{"href":"https:\/\/tierra-ayni.com\/index.php?rest_route=\/wp\/v2\/pages"}],"about":[{"href":"https:\/\/tierra-ayni.com\/index.php?rest_route=\/wp\/v2\/types\/page"}],"author":[{"embeddable":true,"href":"https:\/\/tierra-ayni.com\/index.php?rest_route=\/wp\/v2\/users\/3"}],"replies":[{"embeddable":true,"href":"https:\/\/tierra-ayni.com\/index.php?rest_route=%2Fwp%2Fv2%2Fcomments&post=1456"}],"version-history":[{"count":15,"href":"https:\/\/tierra-ayni.com\/index.php?rest_route=\/wp\/v2\/pages\/1456\/revisions"}],"predecessor-version":[{"id":2296,"href":"https:\/\/tierra-ayni.com\/index.php?rest_route=\/wp\/v2\/pages\/1456\/revisions\/2296"}],"wp:attachment":[{"href":"https:\/\/tierra-ayni.com\/index.php?rest_route=%2Fwp%2Fv2%2Fmedia&parent=1456"}],"curies":[{"name":"wp","href":"https:\/\/api.w.org\/{rel}","templated":true}]}}