{"id":1906,"date":"2020-11-30T13:17:31","date_gmt":"2020-11-30T17:17:31","guid":{"rendered":"http:\/\/wp.tierra-ayni.com\/?page_id=1906"},"modified":"2020-12-17T11:46:52","modified_gmt":"2020-12-17T15:46:52","slug":"gestion-georreferenciada-de-activos-de-la-red","status":"publish","type":"page","link":"https:\/\/tierra-ayni.com\/?page_id=1906","title":{"rendered":"Gesti\u00f3n Georreferenciada de Activos de la Red"},"content":{"rendered":"\n<figure class=\"wp-block-image alignwide size-large\"><img loading=\"lazy\" decoding=\"async\" width=\"1024\" height=\"410\" src=\"https:\/\/tierra-ayni.com\/wp-content\/uploads\/2020\/12\/page_header_asset_management-1024x410.png\" alt=\"\" class=\"wp-image-2214\" srcset=\"https:\/\/tierra-ayni.com\/wp-content\/uploads\/2020\/12\/page_header_asset_management-1024x410.png 1024w, https:\/\/tierra-ayni.com\/wp-content\/uploads\/2020\/12\/page_header_asset_management-300x120.png 300w, https:\/\/tierra-ayni.com\/wp-content\/uploads\/2020\/12\/page_header_asset_management-768x307.png 768w, https:\/\/tierra-ayni.com\/wp-content\/uploads\/2020\/12\/page_header_asset_management-1536x614.png 1536w, https:\/\/tierra-ayni.com\/wp-content\/uploads\/2020\/12\/page_header_asset_management.png 1600w\" sizes=\"auto, (max-width: 1024px) 100vw, 1024px\" \/><\/figure>\n\n\n\n<div style=\"height:43px\" aria-hidden=\"true\" class=\"wp-block-spacer\"><\/div>\n\n\n\n<div class=\"wp-block-columns is-layout-flex wp-container-core-columns-is-layout-1 wp-block-columns-is-layout-flex\">\n<div class=\"wp-block-column is-layout-flow wp-block-column-is-layout-flow\" style=\"flex-basis:66.66%\">\n<p>Las soluciones de GE Digital Grid permiten implementar plataformas que combinan funcionalidades de administraci\u00f3n de datos geogr\u00e1ficos (GIS) con funcionalidades de gesti\u00f3n de los activos de la red para mantener la disponibilidad y oportunidad de la informaci\u00f3n y garantizar la continuidad operacional de los servicios y procesos de negocio de las organizaciones.<\/p>\n\n\n\n<p>Algunos de los aspectos m\u00e1s importantes de la gesti\u00f3n de activos son:<\/p>\n\n\n\n<ul class=\"wp-block-list\"><li>Administrar el ciclo de vida de los elementos de red<\/li><li>Buscar balance entre costos, riesgos y performance<\/li><li>Ser corporativo evitando feudos de datos<\/li><li>Ser aplicable a activos tangibles e intangibles<\/li><li>Ser aplicable a organizaciones p\u00fablicas y privadas<\/li><li>Ser estrat\u00e9gico para soportar los procesos de negocio<\/li><\/ul>\n<\/div>\n\n\n\n<div class=\"wp-block-column is-layout-flow wp-block-column-is-layout-flow\" style=\"flex-basis:33.33%\">\n<figure class=\"wp-block-image alignfull size-large\"><img loading=\"lazy\" decoding=\"async\" width=\"351\" height=\"380\" src=\"https:\/\/tierra-ayni.com\/wp-content\/uploads\/2020\/11\/control_center.jpg\" alt=\"\" class=\"wp-image-1914\" srcset=\"https:\/\/tierra-ayni.com\/wp-content\/uploads\/2020\/11\/control_center.jpg 351w, https:\/\/tierra-ayni.com\/wp-content\/uploads\/2020\/11\/control_center-277x300.jpg 277w\" sizes=\"auto, (max-width: 351px) 100vw, 351px\" \/><\/figure>\n<\/div>\n<\/div>\n\n\n\n<div class=\"wp-block-button aligncenter\"><a class=\"wp-block-button__link has-white-color has-vivid-cyan-blue-background-color has-text-color has-background\" href=\"https:\/\/www.ge.com\/digital\/applications\/smallworld-gis-geospatial-asset-management\" style=\"border-radius:15px\" target=\"_blank\" rel=\"noreferrer noopener\">Visite el sitio de GE Digital Grid para informaci\u00f3n adicional&#8230;<\/a><\/div>\n\n\n\n<div style=\"height:47px\" aria-hidden=\"true\" class=\"wp-block-spacer\"><\/div>\n\n\n\n<h2 class=\"wp-block-heading\"><a>El Ciclo de Vida de la Red<\/a><\/h2>\n\n\n\n<p>Las soluciones de GE Digital Grid soportan plenamente el ciclo de vida de los activos de la red y, a trav\u00e9s de su integraci\u00f3n con otros sistemas de informaci\u00f3n corporativos, apoyan a m\u00faltiples procesos de negocio basados en la informaci\u00f3n geogr\u00e1fica de las instalaciones de red y de los clientes.<\/p>\n\n\n\n<p>A trav\u00e9s de las aplicaciones de dise\u00f1o de red los activos \u201cnacen\u201d en la base de datos cuando a\u00fan se encuentran en estado dise\u00f1ado, es decir representan red futura. Sin embargo, ya est\u00e1n disponibles como informaci\u00f3n para procesos de negocio como la planificaci\u00f3n estrat\u00e9gica, los an\u00e1lisis de red, los an\u00e1lisis de riesgo y otros. En la medida que las redes dise\u00f1adas transitan por los estados de construcci\u00f3n y activaci\u00f3n o puesta en servicio &#8220;viven&#8221; en el inventario y est\u00e1n disponibles para la operaci\u00f3n y gesti\u00f3n de la red. El retiro o abandono eventual de elementos de la red cambiar\u00e1 su estado y significa su \u201cmuerte\u201d, manteniendo su registro hist\u00f3rico en la base de datos.<\/p>\n\n\n\n<figure class=\"wp-block-image alignwide size-large\"><img loading=\"lazy\" decoding=\"async\" width=\"938\" height=\"681\" src=\"https:\/\/tierra-ayni.com\/wp-content\/uploads\/2020\/11\/ciclo_de_vida.jpg\" alt=\"\" class=\"wp-image-1919\" srcset=\"https:\/\/tierra-ayni.com\/wp-content\/uploads\/2020\/11\/ciclo_de_vida.jpg 938w, https:\/\/tierra-ayni.com\/wp-content\/uploads\/2020\/11\/ciclo_de_vida-300x218.jpg 300w, https:\/\/tierra-ayni.com\/wp-content\/uploads\/2020\/11\/ciclo_de_vida-768x558.jpg 768w\" sizes=\"auto, (max-width: 938px) 100vw, 938px\" \/><\/figure>\n\n\n\n<p class=\"has-text-align-right\"><sub>Ejemplo: Redes de Agua Potable y Aguas Servidas<\/sub><\/p>\n\n\n\n<figure class=\"wp-block-pullquote\"><blockquote><p>Conozca nuestros servicios de consultor\u00eda de procesos de negocio. Podemos ayudarle a optimizar sus procesos implementando soluciones de GE Digital Grid<\/p><\/blockquote><\/figure>\n\n\n\n<div class=\"wp-block-buttons aligncenter is-layout-flex wp-block-buttons-is-layout-flex\">\n<div class=\"wp-block-button is-style-fill\"><a class=\"wp-block-button__link has-white-color has-vivid-cyan-blue-background-color has-text-color has-background\" href=\"https:\/\/tierra-ayni.com\/?page_id=2116\" style=\"border-radius:15px\">Consultor\u00eda de procesos de negocio &#8230;<\/a><\/div>\n<\/div>\n\n\n\n<div style=\"height:37px\" aria-hidden=\"true\" class=\"wp-block-spacer\"><\/div>\n\n\n\n<h3 class=\"wp-block-heading\">Temas de inter\u00e9s relacionados&#8230;<\/h3>\n\n\n\n<div class=\"wp-block-columns is-layout-flex wp-container-core-columns-is-layout-2 wp-block-columns-is-layout-flex\">\n<div class=\"wp-block-column is-layout-flow wp-block-column-is-layout-flow\">\n<figure class=\"wp-block-image size-large\"><a href=\"https:\/\/tierra-ayni.com\/?p=2354\"><img loading=\"lazy\" decoding=\"async\" width=\"320\" height=\"200\" src=\"https:\/\/tierra-ayni.com\/wp-content\/uploads\/2020\/12\/column_header_vnr.png\" alt=\"\" class=\"wp-image-2348\" srcset=\"https:\/\/tierra-ayni.com\/wp-content\/uploads\/2020\/12\/column_header_vnr.png 320w, https:\/\/tierra-ayni.com\/wp-content\/uploads\/2020\/12\/column_header_vnr-300x188.png 300w\" sizes=\"auto, (max-width: 320px) 100vw, 320px\" \/><\/a><\/figure>\n<\/div>\n\n\n\n<div class=\"wp-block-column is-layout-flow wp-block-column-is-layout-flow\">\n<figure class=\"wp-block-image size-large\"><a href=\"https:\/\/tierra-ayni.com\/?p=1716\"><img loading=\"lazy\" decoding=\"async\" width=\"320\" height=\"200\" src=\"http:\/\/www.tierra-ayni.com\/wp-content\/uploads\/2020\/12\/column_header_mes-2.png\" alt=\"\" class=\"wp-image-2200\" srcset=\"https:\/\/tierra-ayni.com\/wp-content\/uploads\/2020\/12\/column_header_mes-2.png 320w, https:\/\/tierra-ayni.com\/wp-content\/uploads\/2020\/12\/column_header_mes-2-300x188.png 300w\" sizes=\"auto, (max-width: 320px) 100vw, 320px\" \/><\/a><\/figure>\n<\/div>\n\n\n\n<div class=\"wp-block-column is-layout-flow wp-block-column-is-layout-flow\">\n<div class=\"wp-block-image\"><figure class=\"aligncenter size-large\"><a href=\"https:\/\/tierra-ayni.com\/?p=1722\"><img loading=\"lazy\" decoding=\"async\" width=\"320\" height=\"200\" src=\"http:\/\/www.tierra-ayni.com\/wp-content\/uploads\/2020\/12\/column_header_dm.png\" alt=\"\" class=\"wp-image-2359\" srcset=\"https:\/\/tierra-ayni.com\/wp-content\/uploads\/2020\/12\/column_header_dm.png 320w, https:\/\/tierra-ayni.com\/wp-content\/uploads\/2020\/12\/column_header_dm-300x188.png 300w\" sizes=\"auto, (max-width: 320px) 100vw, 320px\" \/><\/a><\/figure><\/div>\n<\/div>\n<\/div>\n","protected":false},"excerpt":{"rendered":"<p>Las soluciones de GE Digital Grid permiten implementar plataformas que combinan funcionalidades de administraci\u00f3n de datos geogr\u00e1ficos (GIS) con funcionalidades de gesti\u00f3n de los activos de la red para mantener &#8230;<\/p>\n","protected":false},"author":3,"featured_media":0,"parent":0,"menu_order":0,"comment_status":"closed","ping_status":"closed","template":"template-fullwidth.php","meta":{"footnotes":""},"class_list":["post-1906","page","type-page","status-publish","hentry"],"_links":{"self":[{"href":"https:\/\/tierra-ayni.com\/index.php?rest_route=\/wp\/v2\/pages\/1906","targetHints":{"allow":["GET"]}}],"collection":[{"href":"https:\/\/tierra-ayni.com\/index.php?rest_route=\/wp\/v2\/pages"}],"about":[{"href":"https:\/\/tierra-ayni.com\/index.php?rest_route=\/wp\/v2\/types\/page"}],"author":[{"embeddable":true,"href":"https:\/\/tierra-ayni.com\/index.php?rest_route=\/wp\/v2\/users\/3"}],"replies":[{"embeddable":true,"href":"https:\/\/tierra-ayni.com\/index.php?rest_route=%2Fwp%2Fv2%2Fcomments&post=1906"}],"version-history":[{"count":40,"href":"https:\/\/tierra-ayni.com\/index.php?rest_route=\/wp\/v2\/pages\/1906\/revisions"}],"predecessor-version":[{"id":2360,"href":"https:\/\/tierra-ayni.com\/index.php?rest_route=\/wp\/v2\/pages\/1906\/revisions\/2360"}],"wp:attachment":[{"href":"https:\/\/tierra-ayni.com\/index.php?rest_route=%2Fwp%2Fv2%2Fmedia&parent=1906"}],"curies":[{"name":"wp","href":"https:\/\/api.w.org\/{rel}","templated":true}]}}