{"id":2044,"date":"2020-12-01T17:17:51","date_gmt":"2020-12-01T21:17:51","guid":{"rendered":"http:\/\/wp.tierra-ayni.com\/?page_id=2044"},"modified":"2020-12-04T11:18:06","modified_gmt":"2020-12-04T15:18:06","slug":"gas-distribution-pipeline-management","status":"publish","type":"page","link":"https:\/\/tierra-ayni.com\/?page_id=2044","title":{"rendered":"Gas Distribution &#038; Pipeline Management"},"content":{"rendered":"\n<figure class=\"wp-block-image alignwide size-large\"><img loading=\"lazy\" decoding=\"async\" width=\"1024\" height=\"410\" src=\"https:\/\/tierra-ayni.com\/wp-content\/uploads\/2020\/12\/page_header_gdo_gto-1024x410.png\" alt=\"\" class=\"wp-image-2231\" srcset=\"https:\/\/tierra-ayni.com\/wp-content\/uploads\/2020\/12\/page_header_gdo_gto-1024x410.png 1024w, https:\/\/tierra-ayni.com\/wp-content\/uploads\/2020\/12\/page_header_gdo_gto-300x120.png 300w, https:\/\/tierra-ayni.com\/wp-content\/uploads\/2020\/12\/page_header_gdo_gto-768x307.png 768w, https:\/\/tierra-ayni.com\/wp-content\/uploads\/2020\/12\/page_header_gdo_gto-1536x614.png 1536w, https:\/\/tierra-ayni.com\/wp-content\/uploads\/2020\/12\/page_header_gdo_gto.png 1600w\" sizes=\"auto, (max-width: 1024px) 100vw, 1024px\" \/><\/figure>\n\n\n\n<div style=\"height:36px\" aria-hidden=\"true\" class=\"wp-block-spacer\"><\/div>\n\n\n\n<div class=\"wp-block-columns is-layout-flex wp-container-core-columns-is-layout-1 wp-block-columns-is-layout-flex\">\n<div class=\"wp-block-column is-layout-flow wp-block-column-is-layout-flow\">\n<h4 class=\"wp-block-heading\">Los Desaf\u00edos Actuales<\/h4>\n\n\n\n<p>Podemos observar un aumento de demanda de gas en infraestructura cada vez m\u00e1s antigua y adem\u00e1s frecuentemente requerimientos regulatorios m\u00e1s restrictivos.<\/p>\n\n\n\n<p>Esto requiere que las operadoras de redes de gas y gasoductos de transporte sean capaces de representar sus activos de red en inventarios actualizados fidedignos y trazables.<\/p>\n<\/div>\n\n\n\n<div class=\"wp-block-column is-layout-flow wp-block-column-is-layout-flow\">\n<h4 class=\"wp-block-heading\">La Soluci\u00f3n<\/h4>\n\n\n\n<p>Los productos Gas Distribution Office y Global Transmission Office de GE Digital Grid ofrecen aplicaciones de planificaci\u00f3n, dise\u00f1o, an\u00e1lisis y mantenimiento completamente integradas para manejar el ciclo de vida de los activos de la red en forma georreferenciada.<\/p>\n\n\n\n<p>Ofrecemos una vista exacta corporativa de las instalaciones de red eliminando inconsistencia de datos y mejorando el flujo de trabajo desde la planificaci\u00f3n, v\u00eda dise\u00f1o y construcci\u00f3n hasta la mantenci\u00f3n y operaci\u00f3n de las redes.<\/p>\n<\/div>\n<\/div>\n\n\n\n<div class=\"wp-block-columns is-layout-flex wp-container-core-columns-is-layout-4 wp-block-columns-is-layout-flex\">\n<div class=\"wp-block-column is-layout-flow wp-block-column-is-layout-flow\">\n<div class=\"wp-block-columns is-layout-flex wp-container-core-columns-is-layout-2 wp-block-columns-is-layout-flex\">\n<div class=\"wp-block-column is-layout-flow wp-block-column-is-layout-flow\">\n<div class=\"wp-block-image\"><figure class=\"aligncenter size-large is-resized\"><img loading=\"lazy\" decoding=\"async\" src=\"https:\/\/tierra-ayni.com\/wp-content\/uploads\/2020\/12\/gdo_bullet2.png\" alt=\"\" class=\"wp-image-2051\" width=\"99\" height=\"99\" srcset=\"https:\/\/tierra-ayni.com\/wp-content\/uploads\/2020\/12\/gdo_bullet2.png 198w, https:\/\/tierra-ayni.com\/wp-content\/uploads\/2020\/12\/gdo_bullet2-150x150.png 150w\" sizes=\"auto, (max-width: 99px) 100vw, 99px\" \/><\/figure><\/div>\n\n\n\n<h4 class=\"has-text-align-center wp-block-heading\">Planificaci\u00f3n de Red<\/h4>\n\n\n\n<p>Incluye interfaz con aplicaciones de an\u00e1lisis hidr\u00e1ulico para realizar estudios de dimensionamiento de red ante el crecimiento de demandas.<\/p>\n<\/div>\n\n\n\n<div class=\"wp-block-column is-layout-flow wp-block-column-is-layout-flow\">\n<div class=\"wp-block-image\"><figure class=\"aligncenter size-large is-resized\"><img loading=\"lazy\" decoding=\"async\" src=\"https:\/\/tierra-ayni.com\/wp-content\/uploads\/2020\/12\/gdo_bullet3.png\" alt=\"\" class=\"wp-image-2052\" width=\"99\" height=\"99\" srcset=\"https:\/\/tierra-ayni.com\/wp-content\/uploads\/2020\/12\/gdo_bullet3.png 198w, https:\/\/tierra-ayni.com\/wp-content\/uploads\/2020\/12\/gdo_bullet3-150x150.png 150w\" sizes=\"auto, (max-width: 99px) 100vw, 99px\" \/><\/figure><\/div>\n\n\n\n<h4 class=\"has-text-align-center wp-block-heading\">Dise\u00f1o de Red<\/h4>\n\n\n\n<p>GDO y GTO est\u00e1n integrados con Design Manager que provee herramientas poderosas para el dise\u00f1o asistido por computador, evaluaci\u00f3n de costos y gesti\u00f3n de estados de construcci\u00f3n de la red.<\/p>\n<\/div>\n<\/div>\n<\/div>\n\n\n\n<div class=\"wp-block-column is-layout-flow wp-block-column-is-layout-flow\">\n<div class=\"wp-block-columns is-layout-flex wp-container-core-columns-is-layout-3 wp-block-columns-is-layout-flex\">\n<div class=\"wp-block-column is-layout-flow wp-block-column-is-layout-flow\">\n<div class=\"wp-block-image\"><figure class=\"aligncenter size-large is-resized\"><img loading=\"lazy\" decoding=\"async\" src=\"https:\/\/tierra-ayni.com\/wp-content\/uploads\/2020\/12\/gdo_bullet4.png\" alt=\"\" class=\"wp-image-2053\" width=\"99\" height=\"99\" srcset=\"https:\/\/tierra-ayni.com\/wp-content\/uploads\/2020\/12\/gdo_bullet4.png 197w, https:\/\/tierra-ayni.com\/wp-content\/uploads\/2020\/12\/gdo_bullet4-150x150.png 150w\" sizes=\"auto, (max-width: 99px) 100vw, 99px\" \/><\/figure><\/div>\n\n\n\n<h4 class=\"has-text-align-center wp-block-heading\">Inspecci\u00f3n y Mantenimiento<\/h4>\n\n\n\n<p>Incluye el m\u00f3dulo Smallworld Compliance Manager con integraci\u00f3n a las aplicaciones de Mobile Enterprise que soportan procesos de mantenimiento, inspecci\u00f3n y regulatorios en general. <\/p>\n<\/div>\n\n\n\n<div class=\"wp-block-column is-layout-flow wp-block-column-is-layout-flow\">\n<div class=\"wp-block-image\"><figure class=\"aligncenter size-large is-resized\"><img loading=\"lazy\" decoding=\"async\" src=\"https:\/\/tierra-ayni.com\/wp-content\/uploads\/2020\/12\/gdo_bullet5.png\" alt=\"\" class=\"wp-image-2054\" width=\"99\" height=\"99\" srcset=\"https:\/\/tierra-ayni.com\/wp-content\/uploads\/2020\/12\/gdo_bullet5.png 197w, https:\/\/tierra-ayni.com\/wp-content\/uploads\/2020\/12\/gdo_bullet5-150x150.png 150w\" sizes=\"auto, (max-width: 99px) 100vw, 99px\" \/><\/figure><\/div>\n\n\n\n<h4 class=\"has-text-align-center wp-block-heading\">Operaciones y Gesti\u00f3n de Incidencias<\/h4>\n\n\n\n<p>Incluye Outage Manager integrado con las aplicaciones de Mobile Enterprise como piezas claves en la atenci\u00f3n oportuna de interrupciones planificadas e intempestivas.<\/p>\n<\/div>\n<\/div>\n<\/div>\n<\/div>\n\n\n\n<div class=\"wp-block-image\"><figure class=\"aligncenter size-large\"><img loading=\"lazy\" decoding=\"async\" width=\"882\" height=\"511\" src=\"https:\/\/tierra-ayni.com\/wp-content\/uploads\/2020\/12\/gdo_screen.png\" alt=\"\" class=\"wp-image-2060\" srcset=\"https:\/\/tierra-ayni.com\/wp-content\/uploads\/2020\/12\/gdo_screen.png 882w, https:\/\/tierra-ayni.com\/wp-content\/uploads\/2020\/12\/gdo_screen-300x174.png 300w, https:\/\/tierra-ayni.com\/wp-content\/uploads\/2020\/12\/gdo_screen-768x445.png 768w\" sizes=\"auto, (max-width: 882px) 100vw, 882px\" \/><\/figure><\/div>\n\n\n\n<div class=\"wp-block-columns is-layout-flex wp-container-core-columns-is-layout-5 wp-block-columns-is-layout-flex\">\n<div class=\"wp-block-column is-layout-flow wp-block-column-is-layout-flow\">\n<h4 class=\"has-text-align-center wp-block-heading\">Funcionalidades GIS<\/h4>\n\n\n\n<ul class=\"wp-block-list\"><li>Industry Standard Data Model<\/li><li>Version Management<\/li><li>Map Rendering\/Visualization<\/li><li>Internal Worlds<\/li><li>Thematic Mapping<\/li><li>Network Connectivity<\/li><li>Document Linkage<\/li><li>Coordinate Projections<\/li><li>Plotting<\/li><li>Authorization<\/li><li>Data Quality Manager<\/li><li>Business Rules<\/li><li>Annotation Management<\/li><li>Installation \/ Administration<\/li><\/ul>\n<\/div>\n\n\n\n<div class=\"wp-block-column is-layout-flow wp-block-column-is-layout-flow\">\n<h4 class=\"has-text-align-center wp-block-heading\">Funcionalidades del Negocio Gas<\/h4>\n\n\n\n<ul class=\"wp-block-list\"><li>\u201cCall Before You Dig\u201d Exporter<\/li><li>Cathodic Protection Manager<\/li><li>Compliance Manager<\/li><li>Customer Usage Reporter<\/li><li>Dimensioning Tool<\/li><li>Environmental Contaminant Model<\/li><li>Gas Outage Analysis &amp; Manager<\/li><li>Gas Ruler<\/li><li>Hydraulic Analysis Export<\/li><li>Leak Analysis<\/li><li>GDO\/GTO Synchronization (Interoperable Environment)<\/li><li>Network Trace Manager<\/li><li>Public Awareness Module<\/li><li>Route Manager<\/li><li>Service Line Hierarchy<\/li><li>Soils Data Loader<\/li><li>Survey Point Manager<\/li><li>Protection &amp; Safety Zones<\/li><\/ul>\n<\/div>\n\n\n\n<div class=\"wp-block-column is-layout-flow wp-block-column-is-layout-flow\">\n<h4 class=\"has-text-align-center wp-block-heading\">Integraciones<\/h4>\n\n\n\n<ul class=\"wp-block-list\"><li>Design Manager<\/li><li>GeoSpatial Server<\/li><li>Web Network Viewer<\/li><li>GeoSpatial Analysis<\/li><li>Mobile Enterprise<\/li><\/ul>\n<\/div>\n<\/div>\n\n\n\n<figure class=\"wp-block-pullquote is-style-default\"><blockquote><p>Perm\u00edtanos ayudarles con el inventario f\u00edsico de sus redes y el cumplimiento de los requerimientos regulatorios&#8230;<\/p><\/blockquote><\/figure>\n\n\n\n<div class=\"wp-block-buttons aligncenter is-layout-flex wp-block-buttons-is-layout-flex\">\n<div class=\"wp-block-button is-style-fill\"><a class=\"wp-block-button__link has-white-color has-vivid-cyan-blue-background-color has-text-color has-background\" href=\"https:\/\/tierra-ayni.com\/#contact\" style=\"border-radius:30px\" rel=\"\">Cont\u00e1ctenos para conversar y coordinar una presentaci\u00f3n de nuestras soluciones&#8230;<\/a><\/div>\n<\/div>\n","protected":false},"excerpt":{"rendered":"<p>Los Desaf\u00edos Actuales Podemos observar un aumento de demanda de gas en infraestructura cada vez m\u00e1s antigua y adem\u00e1s frecuentemente requerimientos regulatorios m\u00e1s restrictivos. Esto requiere que las operadoras de &#8230;<\/p>\n","protected":false},"author":3,"featured_media":0,"parent":0,"menu_order":0,"comment_status":"closed","ping_status":"closed","template":"template-fullwidth.php","meta":{"footnotes":""},"class_list":["post-2044","page","type-page","status-publish","hentry"],"_links":{"self":[{"href":"https:\/\/tierra-ayni.com\/index.php?rest_route=\/wp\/v2\/pages\/2044","targetHints":{"allow":["GET"]}}],"collection":[{"href":"https:\/\/tierra-ayni.com\/index.php?rest_route=\/wp\/v2\/pages"}],"about":[{"href":"https:\/\/tierra-ayni.com\/index.php?rest_route=\/wp\/v2\/types\/page"}],"author":[{"embeddable":true,"href":"https:\/\/tierra-ayni.com\/index.php?rest_route=\/wp\/v2\/users\/3"}],"replies":[{"embeddable":true,"href":"https:\/\/tierra-ayni.com\/index.php?rest_route=%2Fwp%2Fv2%2Fcomments&post=2044"}],"version-history":[{"count":15,"href":"https:\/\/tierra-ayni.com\/index.php?rest_route=\/wp\/v2\/pages\/2044\/revisions"}],"predecessor-version":[{"id":2235,"href":"https:\/\/tierra-ayni.com\/index.php?rest_route=\/wp\/v2\/pages\/2044\/revisions\/2235"}],"wp:attachment":[{"href":"https:\/\/tierra-ayni.com\/index.php?rest_route=%2Fwp%2Fv2%2Fmedia&parent=2044"}],"curies":[{"name":"wp","href":"https:\/\/api.w.org\/{rel}","templated":true}]}}