{"id":2066,"date":"2020-12-02T17:05:59","date_gmt":"2020-12-02T21:05:59","guid":{"rendered":"http:\/\/wp.tierra-ayni.com\/?page_id=2066"},"modified":"2020-12-04T11:54:01","modified_gmt":"2020-12-04T15:54:01","slug":"water-office","status":"publish","type":"page","link":"https:\/\/tierra-ayni.com\/?page_id=2066","title":{"rendered":"Water Office"},"content":{"rendered":"\n<figure class=\"wp-block-image alignwide size-large\"><img loading=\"lazy\" decoding=\"async\" width=\"1024\" height=\"410\" src=\"https:\/\/tierra-ayni.com\/wp-content\/uploads\/2020\/12\/page_header_wo-1024x410.png\" alt=\"\" class=\"wp-image-2236\" srcset=\"https:\/\/tierra-ayni.com\/wp-content\/uploads\/2020\/12\/page_header_wo-1024x410.png 1024w, https:\/\/tierra-ayni.com\/wp-content\/uploads\/2020\/12\/page_header_wo-300x120.png 300w, https:\/\/tierra-ayni.com\/wp-content\/uploads\/2020\/12\/page_header_wo-768x307.png 768w, https:\/\/tierra-ayni.com\/wp-content\/uploads\/2020\/12\/page_header_wo-1536x614.png 1536w, https:\/\/tierra-ayni.com\/wp-content\/uploads\/2020\/12\/page_header_wo.png 1600w\" sizes=\"auto, (max-width: 1024px) 100vw, 1024px\" \/><\/figure>\n\n\n\n<figure class=\"wp-block-pullquote\"><blockquote><p>M\u00e1s de 7 mil millones de personas dependen del agua potable cada d\u00eda en el mundo. Actualmente es el recurso global m\u00e1s valioso, lo cu\u00e1l significa que su gesti\u00f3n inteligente es de crucial importancia para las empresas sanitarias.<\/p><p><span style=\"font-size: 28px; font-style: italic; background-color: initial;\">Realworld Systems<\/span><\/p><\/blockquote><\/figure>\n\n\n\n<div class=\"wp-block-columns is-layout-flex wp-container-core-columns-is-layout-1 wp-block-columns-is-layout-flex\">\n<div class=\"wp-block-column is-layout-flow wp-block-column-is-layout-flow\">\n<div class=\"wp-block-image\"><figure class=\"aligncenter size-large\"><img loading=\"lazy\" decoding=\"async\" width=\"150\" height=\"150\" src=\"https:\/\/tierra-ayni.com\/wp-content\/uploads\/2020\/12\/icon_drink_water.png\" alt=\"\" class=\"wp-image-2240\"\/><\/figure><\/div>\n\n\n\n<h4 class=\"has-text-align-center wp-block-heading\">Suministro de Agua Potable<\/h4>\n\n\n\n<p>Water Office apoya los procesos de negocio para proveer el suministro de agua como un servicio 24\/7 eficiente y responsablemente.<\/p>\n<\/div>\n\n\n\n<div class=\"wp-block-column is-layout-flow wp-block-column-is-layout-flow\">\n<div class=\"wp-block-image\"><figure class=\"aligncenter size-large\"><img loading=\"lazy\" decoding=\"async\" width=\"150\" height=\"150\" src=\"https:\/\/tierra-ayni.com\/wp-content\/uploads\/2020\/12\/icon_waste_water.png\" alt=\"\" class=\"wp-image-2244\"\/><\/figure><\/div>\n\n\n\n<h4 class=\"has-text-align-center wp-block-heading\">Aguas Industriales<\/h4>\n\n\n\n<p>Las industrias deben cumplir con normas regulatorias con respecto a desag\u00fces y rieles industriales. Water Office ayuda a visibilizar y controlar la operaci\u00f3n de estas aguas.<\/p>\n<\/div>\n\n\n\n<div class=\"wp-block-column is-layout-flow wp-block-column-is-layout-flow\">\n<div class=\"wp-block-image\"><figure class=\"aligncenter size-large\"><img loading=\"lazy\" decoding=\"async\" width=\"150\" height=\"150\" src=\"https:\/\/tierra-ayni.com\/wp-content\/uploads\/2020\/12\/icon_water_resource.png\" alt=\"\" class=\"wp-image-2238\"\/><\/figure><\/div>\n\n\n\n<h4 class=\"has-text-align-center wp-block-heading\">Fuentes de Recursos de Agua<\/h4>\n\n\n\n<p>Con el objetivo de proveer un suministro continuo Water Office ayuda a analizar, monitorear y controlar los niveles y la calidad del agua.<\/p>\n<\/div>\n<\/div>\n\n\n\n<div class=\"wp-block-columns is-layout-flex wp-container-core-columns-is-layout-4 wp-block-columns-is-layout-flex\">\n<div class=\"wp-block-column is-layout-flow wp-block-column-is-layout-flow\">\n<div class=\"wp-block-columns is-layout-flex wp-container-core-columns-is-layout-2 wp-block-columns-is-layout-flex\">\n<div class=\"wp-block-column is-layout-flow wp-block-column-is-layout-flow\">\n<div class=\"wp-block-image\"><figure class=\"aligncenter size-large\"><img loading=\"lazy\" decoding=\"async\" width=\"135\" height=\"135\" src=\"https:\/\/tierra-ayni.com\/wp-content\/uploads\/2020\/12\/sewer_icon.png\" alt=\"\" class=\"wp-image-2081\"\/><\/figure><\/div>\n\n\n\n<h4 class=\"has-text-align-center wp-block-heading\">Drenaje y Alcantarilla<\/h4>\n\n\n\n<p>Water Office cuenta con herramientas que apoyan la gesti\u00f3n de aguas servidas.<\/p>\n<\/div>\n\n\n\n<div class=\"wp-block-column is-layout-flow wp-block-column-is-layout-flow\">\n<div class=\"wp-block-image\"><figure class=\"aligncenter size-large\"><img loading=\"lazy\" decoding=\"async\" width=\"135\" height=\"135\" src=\"https:\/\/tierra-ayni.com\/wp-content\/uploads\/2020\/12\/irrigation_icon.png\" alt=\"\" class=\"wp-image-2082\"\/><\/figure><\/div>\n\n\n\n<h4 class=\"has-text-align-center wp-block-heading\">Regad\u00edo<\/h4>\n\n\n\n<p>La agricultura utiliza los recursos de agua para el regad\u00eda. La administraci\u00f3n intelligente de los activos de irrigaci\u00f3n permite un uso racional de estas aguas.<\/p>\n<\/div>\n<\/div>\n\n\n\n<p><\/p>\n<\/div>\n\n\n\n<div class=\"wp-block-column is-layout-flow wp-block-column-is-layout-flow\">\n<div class=\"wp-block-columns is-layout-flex wp-container-core-columns-is-layout-3 wp-block-columns-is-layout-flex\">\n<div class=\"wp-block-column is-layout-flow wp-block-column-is-layout-flow\">\n<div class=\"wp-block-image\"><figure class=\"aligncenter size-large\"><img loading=\"lazy\" decoding=\"async\" width=\"135\" height=\"135\" src=\"https:\/\/tierra-ayni.com\/wp-content\/uploads\/2020\/12\/storm_water_icon.png\" alt=\"\" class=\"wp-image-2084\"\/><\/figure><\/div>\n\n\n\n<h4 class=\"has-text-align-center wp-block-heading\">Aguas LLuvias<\/h4>\n\n\n\n<p>Las aguas lluvias tienen efecto creciente en las redes de drenaje y alcantarillas. Water Office ayuda a administrar los riesgos y cumplir con las obligaciones.<\/p>\n<\/div>\n\n\n\n<div class=\"wp-block-column is-layout-flow wp-block-column-is-layout-flow\">\n<div class=\"wp-block-image\"><figure class=\"aligncenter size-large\"><img loading=\"lazy\" decoding=\"async\" width=\"135\" height=\"135\" src=\"https:\/\/tierra-ayni.com\/wp-content\/uploads\/2020\/12\/nrw_icon.png\" alt=\"\" class=\"wp-image-2083\"\/><\/figure><\/div>\n\n\n\n<h4 class=\"has-text-align-center wp-block-heading\">Agua No Facturada<\/h4>\n\n\n\n<p>Las empresas sanitarias se enfrentan a las p\u00e9rdidas de agua, ya sean t\u00e9cnicas o por hurto. Water Office ayuda en la gesti\u00f3n de fugas y permite integraci\u00f3n con monitoreo en tiempo real.<\/p>\n<\/div>\n<\/div>\n<\/div>\n<\/div>\n\n\n\n<figure class=\"wp-block-pullquote is-style-default\"><blockquote><p>Perm\u00edtanos ayudarles con el inventario f\u00edsico de sus redes&#8230;<\/p><\/blockquote><\/figure>\n\n\n\n<div class=\"wp-block-buttons aligncenter is-layout-flex wp-block-buttons-is-layout-flex\">\n<div class=\"wp-block-button is-style-fill\"><a class=\"wp-block-button__link has-white-color has-vivid-cyan-blue-background-color has-text-color has-background\" href=\"https:\/\/www.wateroffice.com\/\" style=\"border-radius:30px\" target=\"_blank\" rel=\"noreferrer noopener\">Para mayor informaci\u00f3n visite el sitio de Water Office&#8230;<\/a><\/div>\n<\/div>\n\n\n\n<p><\/p>\n","protected":false},"excerpt":{"rendered":"<p>M\u00e1s de 7 mil millones de personas dependen del agua potable cada d\u00eda en el mundo. Actualmente es el recurso global m\u00e1s valioso, lo cu\u00e1l significa que su gesti\u00f3n inteligente &#8230;<\/p>\n","protected":false},"author":3,"featured_media":0,"parent":0,"menu_order":0,"comment_status":"closed","ping_status":"closed","template":"template-fullwidth.php","meta":{"footnotes":""},"class_list":["post-2066","page","type-page","status-publish","hentry"],"_links":{"self":[{"href":"https:\/\/tierra-ayni.com\/index.php?rest_route=\/wp\/v2\/pages\/2066","targetHints":{"allow":["GET"]}}],"collection":[{"href":"https:\/\/tierra-ayni.com\/index.php?rest_route=\/wp\/v2\/pages"}],"about":[{"href":"https:\/\/tierra-ayni.com\/index.php?rest_route=\/wp\/v2\/types\/page"}],"author":[{"embeddable":true,"href":"https:\/\/tierra-ayni.com\/index.php?rest_route=\/wp\/v2\/users\/3"}],"replies":[{"embeddable":true,"href":"https:\/\/tierra-ayni.com\/index.php?rest_route=%2Fwp%2Fv2%2Fcomments&post=2066"}],"version-history":[{"count":17,"href":"https:\/\/tierra-ayni.com\/index.php?rest_route=\/wp\/v2\/pages\/2066\/revisions"}],"predecessor-version":[{"id":2246,"href":"https:\/\/tierra-ayni.com\/index.php?rest_route=\/wp\/v2\/pages\/2066\/revisions\/2246"}],"wp:attachment":[{"href":"https:\/\/tierra-ayni.com\/index.php?rest_route=%2Fwp%2Fv2%2Fmedia&parent=2066"}],"curies":[{"name":"wp","href":"https:\/\/api.w.org\/{rel}","templated":true}]}}